47932 and 4473.
639
What is the highest common divisor of 5430967 and 46?
23
What is the highest common factor of 265198 and 194?
194
What is the highest common divisor of 8866 and 234?
26
Calculate the highest common factor of 414 and 503631.
207
What is the highest common factor of 1294 and 18?
2
Calculate the highest common factor of 5871 and 133.
19
Calculate the highest common divisor of 311691 and 12.
3
Calculate the greatest common factor of 161 and 4478.
1
Calculate the highest common divisor of 6764 and 267.
89
Calculate the highest common factor of 118575 and 29325.
1275
What is the greatest common divisor of 1027 and 377?
13
What is the highest common factor of 15379 and 19331?
13
Calculate the greatest common divisor of 27 and 791949.
3
What is the greatest common divisor of 800 and 46560?
160
What is the greatest common factor of 207005 and 285?
95
Calculate the highest common factor of 2277 and 1170.
9
What is the highest common divisor of 234974 and 918?
34
What is the highest common factor of 57930 and 60?
30
Calculate the highest common divisor of 164 and 287.
41
What is the highest common factor of 77130 and 15?
15
What is the highest common divisor of 17 and 1676999?
17
Calculate the highest common divisor of 64746 and 69106.
218
Calculate the greatest common divisor of 22172 and 391.
23
What is the greatest common divisor of 26775 and 33201?
1071
Calculate the highest common divisor of 41750 and 2004.
334
What is the greatest common factor of 196976 and 468?
52
Calculate the greatest common factor of 385532 and 1176.
196
Calculate the highest common factor of 271676 and 92.
92
Calculate the greatest common factor of 35577 and 5427.
603
Calculate the highest common divisor of 204 and 6222.
102
What is the highest common divisor of 203109 and 474?
237
What is the highest common factor of 84 and 56796?
12
Calculate the greatest common factor of 13 and 193583.
13
Calculate the greatest common divisor of 128 and 95008.
32
What is the highest common divisor of 20704 and 2352?
16
What is the highest common factor of 43065 and 6960?
435
What is the greatest common factor of 190256 and 2816?
176
Calculate the greatest common divisor of 302 and 65383.
151
Calculate the highest common factor of 316765 and 5.
5
What is the highest common divisor of 46536 and 630?
42
Calculate the highest common factor of 3168 and 69102.
198
Calculate the highest common divisor of 29054 and 97510.
398
Calculate the highest common divisor of 2430 and 86508.
486
What is the highest common divisor of 51230 and 61570?
470
Calculate the greatest common divisor of 18495 and 355.
5
Calculate the greatest common factor of 2250 and 5000.
250
What is the greatest common factor of 72462 and 3744?
78
What is the greatest common divisor of 601314 and 294?
42
Calculate the greatest common factor of 104284 and 8.
4
What is the highest common factor of 6 and 7150506?
6
What is the highest common divisor of 18 and 22122?
18
Calculate the highest common divisor of 51000 and 120.
120
What is the greatest common factor of 82 and 337717?
41
Calculate the highest common factor of 273805 and 245.
35
Calculate the greatest common divisor of 77 and 30037.
7
Calculate the greatest common factor of 441 and 236124.
63
Calculate the highest common divisor of 335 and 68139.
67
What is the greatest common divisor of 20020 and 2387?
77
What is the greatest common divisor of 132 and 117996?
12
Calculate the highest common factor of 84545 and 285625.
2285
Calculate the highest common factor of 33670 and 1435.
35
What is the highest common divisor of 50 and 793670?
10
Calculate the greatest common divisor of 7 and 9247.
7
Calculate the greatest common divisor of 33464 and 22936.
376
Calculate the highest common factor of 495 and 17343.
9
Calculate the greatest common factor of 483207 and 282.
141
Calculate the greatest common divisor of 84 and 156100.
28
What is the greatest common factor of 4512 and 204?
12
What is the highest common factor of 1866535 and 495?
55
What is the highest common factor of 7242 and 17679?
213
What is the highest common factor of 2448 and 8517?
51
What is the greatest common divisor of 168 and 364800?
24
Calculate the highest common factor of 3289 and 52.
13
Calculate the highest common factor of 693303 and 3.
3
What is the highest common factor of 7907593 and 59?
59
Calculate the highest common divisor of 33444 and 108.
36
What is the highest common divisor of 336814 and 2?
2
What is the greatest common factor of 1374 and 96?
6
What is the highest common factor of 330 and 65910?
30
Calculate the greatest common factor of 3953 and 269809.
67
Calculate the greatest common factor of 3806 and 37714.
346
What is the greatest common factor of 707130 and 2037?
291
What is the highest common factor of 451 and 12833?
41
Calculate the greatest common divisor of 22923 and 566.
283
Calculate the greatest common divisor of 110 and 16258.
22
What is the highest common factor of 169 and 96213?
13
Calculate the greatest common divisor of 4741 and 7327.
431
Calculate the highest common divisor of 363 and 22077.
33
Calculate the greatest common divisor of 728 and 608296.
104
Calculate the highest common divisor of 524168 and 32.
8
What is the greatest common divisor of 13225 and 2875?
575
What is the highest common divisor of 67257 and 265?
53
Calculate the highest common factor of 563780 and 3500.
140
What is the greatest common factor of 249 and 136701?
249
What is the highest common factor of 95 and 317623?
19
What is the highest common divisor of 40 and 37496?
8
What is the highest common divisor of 325 and 97?
1
What is the highest common factor of 8433 and 666?
9
What is the highest common factor of 858407 and 803?
803
What is the highest common divisor of 177 and 2160?
3
Calculate the highest common divisor of 14062 and 4266.
158
What is the highest common factor of 87963 and 654?
327
What is the highest common divisor of 20416 and 66?
22
What is the greatest common divisor of 8924 and 13192?
388
What is the highest common factor of 63232 and 13338?
494
What is the highest common divisor of 23707 and 5587?
151
What is the highest common factor of 5715 and 1125?
45
What is the highest common divisor of 8805 and 30?
15
What is the highest common divisor of 69 and 183195?
69
What is the highest common divisor of 101988 and 684?
36
Calculate the highest common factor of 173 and 273167.
173
Calculate the greatest common divisor of 820 and 880.
20
What is the greatest common divisor of 295048 and 1664?
104
Calculate the highest common divisor of 449052 and 276.
276
What is the highest common factor of 1617 and 6457?
11
What is the greatest common factor of 806 and 1300?
26
Calculate the greatest common divisor of 370095 and 110.
55
What is the highest common factor of 11065 and 9?
1
What is the greatest common factor of 201558 and 84?
42
Calculate the highest common divisor of 8472 and 456.
24
Calculate the highest common divisor of 143 and 83149.
11
What is the greatest common factor of 41 and 30873?
41
What is the highest common divisor of 5688270 and 630?
630
Calculate the highest common factor of 329247 and 171.
9
Calculate the greatest common factor of 1040107 and 37.
37
What is the greatest common factor of 182 and 62153?
91
Calculate the greatest common factor of 1573 and 7306585.
1573
What is the highest common factor of 1280 and 50944?
256
What is the highest common factor of 56 and 1883?
7
What is the highest common factor of 16 and 349808?
16
Calculate the highest common divisor of 567 and 36477.
189
Calculate the highest common divisor of 112 and 49336.
56
Calculate the highest common divisor of 2561026 and 507.
169
Calculate the greatest common factor of 1872 and 1719.
9
What is the greatest common divisor of 60810 and 30?
30
What is the greatest common factor of 999 and 47989?
37
What is the highest common divisor of 7163 and 1566?
29
Calculate the highest common factor of 100542 and 156.
78
What is the greatest common divisor of 252 and 13230?
126
Calculate the greatest common factor of 170 and 75956.
34
What is the highest common factor of 545 and 968465?
545
What is the highest common factor of 1170 and 52065?
585
What is the highest common factor of 5450